se 5) to base 14.
d9c071
Convert 97013 (base 13) to base 15.
55ace
What is -281a80 (base 11) in base 7?
-3520135
What is 16ca040 (base 13) in base 6?
423004413
What is -24dc7c (base 15) in base 9?
-3284140
What is 11100110100100011 (base 2) in base 7?
1001113
Convert -9844a5 (base 13) to base 6.
-204420444
Convert 1010000100100100011010 (base 2) to base 13.
71592a
Convert -42a5a (base 13) to base 6.
-2325231
-122100001123 (base 4) to base 8
-32200133
Convert -202b01 (base 13) to base 5.
-142430330
What is -166a7 (base 12) in base 5?
-2011340
50a6 (base 14) to base 16
362a
21331214 (base 5) to base 14
4ab37
-154aa8 (base 14) to base 12
-2b9b78
Convert -1111111111000000111 (base 2) to base 7.
-4311031
What is -1030412 (base 5) in base 9?
-26133
Convert -18bbd6 (base 15) to base 14.
-234ba8
What is 1752202 (base 8) in base 15?
a20a4
Convert -10514036 (base 9) to base 14.
-9661ac
What is 430243334 (base 5) in base 15?
25a214
Convert -222302032 (base 4) to base 10.
-175246
Convert 155164 (base 12) to base 5.
43030442
-3143434404 (base 5) to base 12
-2275656
100010111011001101001000 (base 2) to base 8
42731510
20171 (base 11) to base 5
1420411
-10000001100010000001 (base 2) to base 11
-332689
What is 191ba (base 14) in base 13?
22b76
-111001010111101011 (base 2) to base 15
-4995c
What is 162643562 (base 7) in base 12?
3850595
Convert -16c70d (base 16) to base 10.
-1492749
Convert -3a25ac (base 14) to base 13.
-552363
What is -30325115 (base 7) in base 9?
-4672225
Convert 766371 (base 13) to base 2.
1010100111101111000110
Convert -2201223121 (base 4) to base 11.
-412600
11567147 (base 10) to base 12
3a59b4b
551422524 (base 6) to base 10
9878740
-115967 (base 12) to base 10
-279583
What is -100101221211020 (base 3) in base 9?
-10357736
Convert 1966c6 (base 15) to base 3.
2022211112220
14344300 (base 10) to base 3
222222202200101
Convert 123123130 (base 4) to base 7.
645355
What is -52219 (base 11) in base 4?
-102211201
Convert 21542253 (base 7) to base 11.
105a929
What is 39070 (base 13) in base 2?
11001110001001011
Convert -4135111 (base 9) to base 15.
-2d9457
Convert 13013145 (base 6) to base 14.
ada89
What is -1111101011101110111 (base 2) in base 13?
-14cbb8
Convert 1230025 (base 6) to base 2.
10000001001000001
Convert 4cea4 (base 16) to base 7.
2451332
-1012220133 (base 4) to base 5
-33224221
Convert 22340445 (base 6) to base 4.
2212132031
What is 97155 (base 12) in base 2?
110000100100010001
Convert 543453 (base 6) to base 9.
67516
Convert -801a74 (base 14) to base 5.
-2100314043
What is -871b72 (base 13) in base 8?
-14070024
Convert -47288 (base 12) to base 7.
-545141
Convert -1a025a5 (base 11) to base 15.
-46d16d
Convert -200252 (base 13) to base 11.
-468247
What is -1020222020101 (base 3) in base 7?
-5453314
Convert -89a01 (base 11) to base 15.
-2892d
Convert -55562 (base 8) to base 10.
-23410
211437 (base 8) to base 3
10120121120
What is -17383a (base 14) in base 10?
-816588
What is -52006222 (base 7) in base 12?
-1560441
-110011111001111110001011 (base 2) to base 15
-12db99a
Convert -78452 (base 11) to base 2.
-11011110000001100
Convert 264e4 (base 16) to base 11.
a7977
-2120122332 (base 4) to base 7
-5210112
What is 15a466 (base 12) in base 9?
624136
Convert 561c04 (base 14) to base 3.
12111120221211
What is -3593b4 (base 14) in base 9?
-3400577
What is 2123320231 (base 4) in base 5?
130413014
Convert -126222053 (base 7) to base 14.
-11248d3
Convert -125231 (base 14) to base 8.
-2314113
-b0b9d (base 14) to base 6
-13034555
Convert 1110010111110 (base 2) to base 9.
11075
301545 (base 9) to base 5
21201242
What is -24240752 (base 8) in base 16?
-5141ea
Convert -48b7e (base 16) to base 6.
-10214542
229959 (base 11) to base 10
364516
Convert 21261306 (base 8) to base 5.
2131003040
Convert 1111111000110101 (base 2) to base 11.
44991
Convert -d35b (base 16) to base 10.
-54107
Convert 11234330011 (base 5) to base 10.
12808131
What is -4133412 (base 5) in base 12?
-33412
Convert 551325304 (base 6) to base 12.
3380834
What is -e404c8 (base 16) in base 14?
-1dadc00
Convert -11042233 (base 5) to base 9.
-156417
Convert 291a3 (base 12) to base 9.
86526
What is 330724 (base 9) in base 15?
3d764
What is 918369 (base 12) in base 5?
1040241221
Convert -189815 (base 13) to base 3.
-1011112202012
What is -100201000221 (base 3) in base 13?
-68c41
-2077379 (base 11) to base 9
-6781207
Convert 1011110112 (base 3) to base 2.
101100110011001
What is 6a733 (base 11) in base 6?
2104223
Convert -93372 (base 10) to base 14.
-26056
1010000001100011010100 (base 2) to base 3
11221111122210
Convert -131132003310 (base 4) to base 2.
-11101011110000011110100
-52d61 (base 16) to base 6
-11134453
1120110110 (base 3) to base 11
21290
-3042737 (base 9) to base 5
-403411001
What is 3726a (base 13) in base 6?
2101504
What is -77a29 (base 12) in base 10?
-158721
-6713894 (base 10) to base 13
-1510c25
-d740 (base 15) to base 12
-22406
What is -100000110000001000100110 (base 2) in base 15?
-b48de6
Convert 81322 (base 9) to base 15.
10ca5
-2402551 (base 6) to base 7
-1030414
What is -96622 (base 11) in base 5?
-13444010
What is 6408514 (base 9) in base 10?
3431092
1010010010110100111000 (base 2) to base 6
133501144
12305031 (base 7) to base 12
456b33
350a8 (base 14) to base 4
133201130
What is 24245312 (base 6) in base 2?
10111011100110101100
What is -51a71 (base 11) in base 15?
-176ee
What is -7906 (base 13) in base 14?
-6238
What is 12120212220102 (base 3) in base 5?
1230014001
What is 402224 (base 6) in base 4?
13232020
Convert 8402395 (base 10) to base 8.
40032733
-37513 (base 14) to base 2
-100001000100011101
Convert 14d31b7 (base 15) to base 3.
1001101222212201
Convert 1131325 (base 6) to base 15.
125ab
15305133 (base 8) to base 16
358a5b
What is -1011011001111110100001 (base 2) in base 9?
-5556435
Convert -12351 (base 14) to base 5.
-2411223
10323213301 (base 4) to base 5
312332120
What is -338c96 (base 14) in base 12?
-706684
What is -1010000010001110110100 (base 2) in base 11?
-1537437
e6929 (base 16) to base 15
139c6a
1d91df (base 16) to base 15
2842c7
-b15a05 (base 13) to base 2
-1111101111001100011000
Convert -10011010000111111 (base 2) to base 12.
-397bb
What is -10231132210 (base 4) in base 13?
-3430a8
What is -704caa (base 15) in base 13?
-1148c29
What is -522101 (base 9) in base 4?
-1023222103
-301102323022 (base 4) to base 16
-c52eca
274935 (base 10) to base 7
2223363
Convert 873b3 (base 12) to base 10.
178551
What is 311575 (base 8) in base 2?
11001001101111101
2101121011112 (base 3) to base 12
5139a2
What is 357c (base 16) in base 12?
7b10
Convert 202111031 (base 5) to base 9.
1473781
Convert 13205151 (base 6) to base 14.
b517d
Convert 965b (base 16) to base 3.
1221210121
What is -20f34e (base 16) in base 13?
-5a7b98
Convert -6331523 (base 7) to base 14.
-15c683
45351 (base 15) to base 4
311233132
-1735535 (base 8) to base 12
-2052a5
86865 (base 14) to base 6
10550413
Convert 59697 (base 12) to base 11.
82353
102220222010101 (base 3) to base 2
11000001011001100001000
3278026 (base 9) to base 8
6565554
114333233 (base 5) to base 11
340a15
110804 (base 10) to base 2
11011000011010100
What is 35041 (base 6) in base 3?
20211221
401331414 (base 5) to base 8
6040551
3170044 (base 9) to base 7
20305225
Convert 34034430 (base 5) to base 12.
1252b1
10210213 (base 5) to base 15
1a308
Convert -2213130333 (base 4) to base 3.
-1021211212020
Convert 1167b57 (base 16) to base 10.
18250583
What is 1011010111000011 (base 2) in base 11?
31a61
Convert -12614435 (base 7) to base 15.
-17ebd8
Convert 1142033343 (base 5) to base 2.
1010010000101100111000
Convert -711250 (base 13) to base 8.
-12021104
Convert 632839 (base 11) to base 16.
f788d
What is 8c85c (base 13) in base 5?
31200111
Convert -8c864 (base 16) to base 3.
-1002020120002
Convert -2335836 (base 9) to base 13.
-353469
-21626243 (base 8) to base 10
-4664483
What is -1305 (base 11) in base 3?
-2022221
What is b355 (base 13) in base 15?
74e9
What is -8623b (base 13) in base 9?
-408033
What is 306090 (base 11) in base 13?
142797
What is 2618034 (base 9) in base 7?
15102634
What is 2d3 (base 16) in base 3?
222210
-20001210122000 (base 3) to base 7
-36255462
What is -11cc38 (base 13) in base 3?
-210202111201
What is 319043 (